13
What is 3 + -2 - (121 + -147 + 0 + 8)?
19
What is -14 + (-34 - (-9 - 20))?
-19
Calculate (0 - 1) + -6 + (-36 - (-79 + 35)).
1
Calculate 2 + (9 - 0) - (92 - 80).
-1
-9 - (2 - (19 + -1))
7
What is (3 - 16) + 3 + 2 + 4 + -20?
-24
What is the value of -8 + 35 + -14 + -10 - (1 + -23)?
25
1 + -16 + 22 - -4
11
Evaluate 9 - (-24 + 65) - -32.
0
What is 0 + 5 + 11 + -26?
-10
What is the value of 5 + -7 - (7 + -5 + -4)?
0
What is the value of (-1 - (1 - -3)) + (-8 + 34 - 8)?
13
What is the value of 20 - 46 - -43 - 12?
5
What is the value of 3 + 1 - (4 - (10 + -7))?
3
What is -24 - -10 - -39 - 2?
23
What is the value of -3 + 2 - (-14 + -7 + 35 + -14)?
-1
-40 - ((-5 - (2 - 2)) + (-499 - -495))
-31
0 + 2 + -9 + 50 + -47
-4
Calculate 34 - (-34 + 9 + 41).
18
What is -13 + (28 - (11 + 2))?
2
Calculate -19 - (3 + -1) - (6 - 8 - 2).
-17
What is 36 - (-21 - -31) - 22?
4
Calculate -8 + 5 + (-1 + 13 - 3).
6
Evaluate (1 - (3 + -12)) + 106 + -102.
14
81 + -90 + 4 + 17
12
Calculate (-28 - -27) + 7 + -22 + 1.
-15
What is the value of -5 - (28 - 33 - (15 + 0))?
15
What is the value of -13 + -13 + -2 + -2 + 13?
-17
-10 - (-16 - (-13 + 11))
4
Calculate 10 + (-30 - (-6 - 25)).
11
What is the value of (303 - 292) + 1 + -21 + 0 + 29?
20
Calculate (-4 - (-15 - 5)) + (3 - 12).
7
What is the value of -7 + (2 - 4) + (-28 - 1)?
-38
Evaluate 17 - (6 + 10 + -12 - -1 - 15).
27
Calculate 13 - (-58 - -28 - (-2 - 11)).
30
Calculate -2 - (1 + (11 - 16)) - (1 - -18).
-17
2 - (-3 - 1) - (-6 + 1)
11
Calculate 1 + 28 - (25 + -43 - -7).
40
Calculate 2 + (-15 - (9 + -12)).
-10
-11 - (-14 + 9 + -10)
4
What is 3 - (6 + (6 - (15 + -10)) + -21)?
17
What is (-6 - -1) + -30 + 20?
-15
Calculate 7 + -9 + 1 - (5 + -5).
-1
5 + 0 + (27 - (5 + (30 - 18)))
15
What is -1 + (17 - 3) + 0 + 29 + -34?
8
Evaluate -56 + 54 - (6 + -4) - 1.
-5
Calculate 10 + 7 + -11 + (3 - -7).
16
Calculate -8 + (10 + 6 + -9 - 21).
-22
Evaluate (-11 - -7 - -2) + -8 + 1 + -3.
-12
-20 + (-10 - -27 - 41 - -12)
-32
Evaluate (-29 - -6 - -18) + (-3 - 1).
-9
Calculate -24 + -10 - 5 - -8.
-31
18 - -5 - (4 + 12)
7
What is the value of 0 + (1 - 9) + 8?
0
Calculate 8 + -34 + (-37 - -43).
-20
Evaluate -10 + 2 + (-5 - -3) + 13.
3
Evaluate 6 - -1 - (196 - 182).
-7
Calculate -48 - (-31 + 12) - -9.
-20
What is the value of -3 + -5 + 4 - 3 - (5 - 1)?
-11
4 + 3 + (8 + -7 - -5)
13
Calculate (38 - 18 - 9) + 3 + 0.
14
What is the value of -4 + 8 + 19 + -9?
14
-8 - -7 - (4 - -5 - 5)
-5
What is 6 + 3 - -3 - 15?
-3
What is the value of -20 - 5 - (42 - 59)?
-8
What is the value of -6 - (-4 - -1 - 3)?
0
13 + -44 - -7 - -13
-11
Calculate -13 - (-6 - 4 - -6) - 1.
-10
Evaluate -28 + (-2 - -28) - (8 - (-1 - 1)).
-12
What is the value of 8 - ((-8 - -27) + 0)?
-11
-11 + 11 + (9 + 0 - 3)
6
(4 + -2 - -2) + 6 + -10 + -6
-6
-37 + 34 + (-10 - 1) + 2
-12
Calculate (47 - 38) + (6 - 8).
7
Calculate 5 + (6 - 9 - -14).
16
What is (-16 - -6 - -14) + (3 - (-3 - -5))?
5
What is (-309 - -314) + (1 - 3) + -17 + 0?
-14
18 - (4 - 6) - (290 - 278)
8
Calculate -2 + 7 + (-5 - (3 + -9) - 8).
-2
2 + -1 - -5 - (6 + -34 - -23)
11
Evaluate 20 + -12 + -19 - -20 - (-2 + 3).
8
What is the value of 4 + (3 + -4 - 11) + 8 + 5?
5
(-4 - -2) + (-1 - (-7 + -2 + 7))
-1
Calculate -10 + 10 - (-2 - (0 - 11)).
-9
(0 - 1) + (26 - 20)
5
12 - (-4 - (-9 + -2))
5
(6 - (0 - -3)) + -1 + 7
9
What is (-2 - -2) + -21 + (30 - 22)?
-13
13 + (-7 - (-15 + 11)) + 11
21
What is 15 - 2 - (34 - 14)?
-7
(-22 - (9 + -11)) + (5 - 1) + -2
-18
What is the value of -7 + (28 + -30 - (1 - -4) - -3)?
-11
-84 - -86 - (-1 + 25)
-22
Calculate 4 - ((-38 - -10) + 33).
-1
Calculate 0 + 2 + 1 + (-22 - (5 - 30)).
6
What is the value of (13 - 4 - 11) + 2?
0
Evaluate -2 + 15 + (-108 - -86).
-9
What is the value of 10 - (20 - (12 - 2))?
0
Evaluate -12 - 6 - (2 + -1) - (73 - 74).
-18
Calculate -12 - (-46 + 40 + (1 - 4)).
-3
(2 + 3 - -3 - 3) + -51 + 42
-4
(28 - (-32 + 31)) + -35
-6
What is 8 - -1 - 32 - (-7 + 0 + 2)?
-18
Calculate -3 + 19 + (23 - 51).
-12
What is -2 + 9 + -20 + 9 + -9?
-13
Evaluate 8 + (-34 - -21) - (6 - (1 - 3)).
-13
Evaluate 37 + -9 + (2 - 7) + -18 + 9.
14
Evaluate -1 + 9 - (-19 + 13 + -2 + 22).
-6
-10 - ((2 - -3) + -8) - (3 - -13)
-23
7 - (-3 + 0 - (-18 + 9))
1
Evaluate -2 - (-3 - 2) - (-142 - -155).
-10
Evaluate -2 + 17 - 15 - -2.
2
Calculate (21 - -1) + 17 + -18.
21
What is 1 + 0 + (2 - -3) + -1 + -4?
1
Evaluate -8 - 1 - (0 + 8 + -4).
-13
8 + -10 + 7 + -95 + 109
19
What is the value of -21 + (33 - 13) + -1 + -7?
-9
What is 3 + 7 - (16 - (5 - (17 - 8)))?
-10
Calculate -16 + 24 + -6 + -21.
-19
What is (1 + 16 - 9) + -12 + -6?
-10
20 + -2 + (10 - (15 - -4))
9
Calculate -7 + 7 + 7 + (-5 - -10) + 0.
12
Evaluate -1 + (8 - 1) + -23 + -5 + 31.
9
What is the value of 50 - 60 - (5 + 3)?
-18
(6 - 13) + 22 + -6
9
Calculate (-38 - -34) + 1 + -2 - -14.
9
Evaluate 10 - (-5 + 14 + -7 + (8 - 10)).
10
What is -1 + -37 + 62 - 26?
-2
What is (-8 - (-9 + 7)) + -2 - 1?
-9
What is -20 + -6 + 4 + 3 - -9?
-10
Calculate -16 - 0 - (-16 + 38 + -24).
-14
What is the value of 14 - (12 + -5 - (-2 - -6))?
11
Evaluate -81 - (56 + -109) - (0 - 8).
-20
Evaluate -3 - ((-4 - 3 - (4 + -4)) + 6).
-2
-2 - (8 - -3 - 5 - (2 + 18))
12
Calculate 23 + -63 + 35 + (19 - -1 - 1).
14
What is the value of 9 + -26 + 4 + (14 - 0)?
1
What is the value of 33 + (8 - -21) + -21 + (2 - 6)?
37
-8 + -1 + 2 - (0 + -7) - 13
-13
Evaluate -7 + (7 - 3) + -2 + 1 + -6.
-10
Calculate 14 + (-12 + 3 + -3 - -19).
21
What is the value of 0 - ((18 - (17 + -10)) + -6)?
-5
Calculate -23 + 2 + 18 - -5.
2
What is 29 + (29 - 68) - -7?
-3
-22 + 42 + -11 - -14
23
What is the value of 7 + -7 + (-7 + 7 - 8)?
-8
What is the value of (24 - (-2 - 2)) + -5 + -9 + 16?
30
What is (1 - 4) + -18 - (-15 + 28 + -22)?
-12
Evaluate -10 + 4 + -5 + 10 + -24 - -5.
-20
What is the value of -16 - 8 - (174 + -187)?
-11
What is the value of 4 - 11 - 11 - (-23 - -20)?
-15
Calculate -8 + 12 + (13 - 32).
-15
What is (13 + (9 - 9) - 8) + -5 - 25?
-25
-14 + 16 + -8 + -27
-33
What is the value of (-4 - -8) + -10 + (10 - -3)?
7
-9 + 23 - (0 + 43) - -15
-14
Calculate -1 - (10 + 9 + 11 + -47).
16
24 + -47 + (39 - 38)
-22
Calculate 0 + -24 - (-2 + -9).
-13
What is 2 + 0 - (7 + -10 + 7 - 21)?
19
Calculate 2 + (-7 - -3) + -2 + 18.
14
Evaluate 37 + (37 + -22 - 38).
14
What is (18 - -4) + -11 - (-14 + 9 - -40)?
-24
Evaluate (-60 - -56) + 0 + -6.
-10
What is the value of 65 - 43 - (4 - (5 - 12))?
11
Calculate 15 - -2 - (1 - 2 - 15).
33
Calculate 13 + -17 - -3 - (1 - -11).
-13
What is 26 + -1 + (17 - 19) - (18 - 22)?
27
(13 + -14 - -3) + (11 - 2)
11
Calculate -14 - (2 - (-2 + (9 - 13))) - 0.
-22
What is the value of (23 - (34 + 0)) + (11 - -1)?
1
Calculate -8 + -4 + 12 + 12 - 23.
-11
18 + (5 + 1 - 31)
-7
What is the value of -29 + (-14 - (-21 + -11 + 12))?
-23
Calculate -4 + -4 + 4 + -3 - (6 - 14).
1
-10 - (11 + (-8 - (6 + -14)) + -12)
-9
Evaluate (-11 - (-20 - -25)) + 14.
-2
What is 10 + -13 + 11 + (0 - 0)?
8
What is the value of (2 - 13) + (-95 - -97)?
-9
What is the value of 5 - (-12 - -26) - -28?
19
Evaluate (20 - -3 - (125 - 114)) + -40.
-28
Calculate 15 + -5 + (-13 - -13 - -14).
24
Calculate -3 + -8 + (-190 - -190).
-11
Evaluate -20 + -3 + (-4 + 2 - 3) + -5.
-33
What is the value of (-45 - -4) + (-37 - (-50 - -12))?
-40
What is (-11 - 5 - -13) + 6?
3
What is the value of 3 + 3 + -17 + 38 + -13 + -19?
-5
What is -2 + (-9 - -3 - -7)?
-1
Evaluate 6 - (-9 + -1 - -15) - (21 - 6).
-14
14 - (-23 + -6 - -18) - (1 + -1)
25
What is the value of -19 + 19 - (11 + -13)?
2
What is the value of (21 - (13 + -5)) + -3 + -6?
4
What is 0 + (-7 - -2) + (14 - 7) + 3?
5
What is 0 + -5 + (-6 - (60 - 80))?
9
Calculate 7 + -26 + (4 - 4 - (4 + -6)).
-17
Evaluate 30 + 9 + -13 + -46.
-20
2 + (-1 - -9) + 0 + (-76 - -71)
5
What is -6 - -1 - (-3 + -14 + 23)?
-11
What is 6 + 1 - (-10 - -26 - 7 - 15)?
13
What is 8 + -10 + (6 - (-15 + 9))?
10
-2 - (-23 - -17) - (7 + 0 + 0)
-3
What is 0 + -5 + (-6 - -14) - (-2 - -2)?
3
Evaluate 8 - (-13 + -2 - -7 - (-7 + 1)).
10
Evaluate 12 + -4 + (5 - -7) + -4.
16
Calculate -17 + (-27 - -50) - -11.
17
Calculate -8 + -1 + 9 + (-12 - 13) + 7.
-18
4 - 3 - 2 - (-8 + -2 - -14)
-5
19 + (7 - (9 + 0)) - (2 - 6)
21
Evaluate (1 - -24) + 11 + 0 + -19.
17
Calculate -17 + -5 + 6 + (6 - 2).
-12
What is 15 + (-5 - (-34 + 35))?
9
Calc